divisor of 520 and 63310.
130
Calculate the highest common divisor of 18 and 37626.
6
Calculate the greatest common factor of 3483 and 67725.
387
What is the highest common factor of 27000 and 2970?
270
What is the highest common divisor of 532 and 86716?
532
What is the greatest common divisor of 1455831 and 299?
299
What is the greatest common factor of 552 and 20010?
138
What is the highest common divisor of 39465 and 1305?
45
Calculate the highest common factor of 1904 and 262276.
476
Calculate the highest common divisor of 10246 and 893.
47
What is the highest common factor of 118 and 1350?
2
What is the highest common divisor of 697 and 1666?
17
What is the highest common factor of 10 and 4912750?
10
What is the greatest common factor of 12114 and 1152?
18
What is the highest common factor of 93 and 6789?
93
What is the highest common divisor of 772719 and 1678?
839
What is the greatest common factor of 7408 and 1072?
16
Calculate the greatest common divisor of 18126 and 722.
38
Calculate the highest common factor of 3771 and 20259.
9
Calculate the highest common divisor of 373326 and 4902.
258
What is the greatest common divisor of 3962931 and 189?
21
Calculate the greatest common factor of 126893 and 8399.
227
What is the greatest common divisor of 19239 and 5379?
33
What is the highest common divisor of 216 and 164?
4
What is the greatest common divisor of 131805 and 3132?
261
What is the greatest common divisor of 6001156 and 28?
28
Calculate the greatest common divisor of 123960 and 120.
120
Calculate the greatest common factor of 102 and 487033.
17
What is the greatest common divisor of 240582 and 6?
6
What is the greatest common factor of 698900 and 2030?
290
What is the greatest common factor of 196 and 1874572?
28
What is the highest common factor of 37349 and 102?
17
Calculate the highest common divisor of 3344 and 2684.
44
Calculate the greatest common factor of 24717 and 44.
11
What is the greatest common factor of 62328 and 2332?
212
What is the greatest common factor of 8904 and 2877?
21
Calculate the greatest common factor of 77841 and 3627.
279
What is the greatest common divisor of 89435 and 62?
31
What is the highest common factor of 118132 and 56?
28
What is the highest common factor of 4 and 43234?
2
Calculate the highest common divisor of 173 and 1.
1
Calculate the highest common divisor of 660 and 7095.
165
What is the greatest common divisor of 22127 and 1421?
203
Calculate the highest common factor of 518 and 10122.
14
What is the greatest common factor of 2673 and 9702?
99
What is the greatest common factor of 1584 and 4086?
18
What is the highest common divisor of 30888 and 3042?
234
Calculate the greatest common divisor of 68 and 1539860.
68
Calculate the highest common factor of 12331 and 30503.
649
Calculate the highest common divisor of 265482 and 12789.
441
Calculate the greatest common divisor of 1536 and 9720.
24
Calculate the greatest common factor of 681 and 1699549.
227
What is the highest common divisor of 9718 and 227243?
113
What is the highest common divisor of 31335 and 90?
15
What is the greatest common divisor of 40780 and 55?
5
What is the greatest common factor of 24500 and 7644?
196
Calculate the highest common factor of 242844 and 10325.
413
Calculate the greatest common divisor of 48760 and 1272.
424
What is the greatest common divisor of 864 and 28404?
108
Calculate the highest common divisor of 4082 and 1413.
157
What is the greatest common divisor of 1650 and 2178?
66
What is the greatest common divisor of 5287 and 391?
17
What is the highest common factor of 300 and 323124?
12
What is the highest common divisor of 10622 and 376?
94
What is the highest common divisor of 33507 and 136?
17
What is the highest common divisor of 2928185 and 6175?
1235
Calculate the highest common divisor of 12264 and 3358.
146
What is the greatest common divisor of 7 and 2594186?
7
Calculate the highest common divisor of 158 and 1370.
2
What is the greatest common divisor of 733413 and 21?
3
What is the highest common factor of 1202823 and 27?
27
What is the highest common divisor of 459 and 431052?
51
What is the greatest common factor of 231 and 13587?
21
What is the greatest common divisor of 491 and 14344074?
491
Calculate the greatest common divisor of 50 and 79710.
10
What is the greatest common factor of 5 and 138955?
5
Calculate the greatest common divisor of 18639 and 27.
9
What is the highest common factor of 2155226 and 102?
34
What is the highest common divisor of 228 and 2550?
6
Calculate the highest common divisor of 2068702 and 2334.
778
Calculate the greatest common divisor of 156 and 143702.
26
Calculate the highest common factor of 1795236 and 12.
12
Calculate the greatest common divisor of 344 and 10424.
8
Calculate the greatest common factor of 6936 and 3786189.
867
Calculate the greatest common divisor of 1467701 and 139.
139
What is the greatest common divisor of 7030 and 70?
10
Calculate the highest common divisor of 474153 and 4209.
183
What is the greatest common factor of 94737 and 69?
69
What is the greatest common factor of 2592 and 3852?
36
What is the highest common divisor of 82130 and 1290?
430
What is the greatest common factor of 1155 and 15180?
165
What is the highest common divisor of 5 and 103315?
5
What is the highest common factor of 3988 and 2708?
4
What is the highest common divisor of 44 and 444158?
22
What is the greatest common divisor of 369 and 267115?
41
Calculate the greatest common factor of 235552 and 136.
136
What is the highest common divisor of 2217667 and 3723?
1241
What is the greatest common divisor of 41484 and 24?
12
Calculate the greatest common divisor of 648 and 6360.
24
What is the greatest common factor of 256 and 788?
4
What is the highest common divisor of 715626 and 41832?
1494
Calculate the greatest common divisor of 2279 and 52682.
53
Calculate the greatest common divisor of 37015 and 11.
11
What is the greatest common divisor of 219 and 6731403?
219
Calculate the greatest common divisor of 4014072 and 5910.
1182
What is the highest common factor of 42 and 2765966?
14
Calculate the greatest common factor of 7084 and 95956.
644
What is the greatest common factor of 300 and 27320?
20
Calculate the highest common divisor of 52940 and 80.
20
What is the greatest common factor of 142481 and 19?
19
Calculate the greatest common factor of 20 and 10156.
4
What is the greatest common divisor of 3453 and 453494?
1151
Calculate the highest common divisor of 117 and 15951.
39
Calculate the highest common divisor of 3242 and 14.
2
What is the greatest common factor of 8703807 and 21?
21
What is the highest common factor of 16 and 5471?
1
Calculate the greatest common divisor of 91 and 222131.
91
Calculate the highest common factor of 304 and 12046.
38
Calculate the highest common divisor of 151 and 202793.
151
What is the greatest common factor of 28050 and 1496?
374
What is the highest common factor of 856581 and 257?
257
What is the highest common factor of 892 and 12016?
4
Calculate the highest common factor of 339857 and 7.
7
What is the greatest common factor of 192 and 27408?
48
What is the greatest common divisor of 1739809 and 146?
73
What is the greatest common factor of 986 and 31348?
34
What is the highest common divisor of 110250 and 945?
315
Calculate the greatest common factor of 2754 and 2499.
51
Calculate the greatest common factor of 243409 and 1114.
557
Calculate the highest common factor of 15582 and 20139.
147
What is the greatest common factor of 10740 and 18?
6
What is the greatest common factor of 133380 and 612?
36
Calculate the greatest common factor of 164 and 238579.
41
Calculate the greatest common divisor of 128 and 1162176.
64
Calculate the greatest common divisor of 1562 and 2882.
22
What is the greatest common divisor of 16800 and 26712?
168
What is the greatest common divisor of 1113 and 23214?
159
Calculate the greatest common divisor of 8471 and 6304.
197
Calculate the greatest common divisor of 941652 and 18.
18
Calculate the greatest common factor of 50 and 12730.
10
Calculate the greatest common factor of 98 and 27762.
14
Calculate the greatest common factor of 253711 and 53.
53
Calculate the highest common fact